 are the prime factors of m(-5)?
3
What are the prime factors of (-1060)/(-38) + 16/152?
2, 7
Suppose 2*b + o = 12, -3*o = -3*b - 0*o + 18. What are the prime factors of (-54)/4*(-8)/b?
2, 3
Suppose -5*a + 0*c - 26 = 3*c, 4 = a - 4*c. Let f = a + -6. Let u = -1 - f. List the prime factors of u.
3
Let v(a) = -a**3 - 6*a**2 + 2*a - 1. Let z be v(-6). Let q be (z/4)/((-5)/(-20)). Let j = 25 + q. What are the prime factors of j?
2, 3
Let f(l) = -l**3 + 8*l**2 - 9*l + 4. Let t be f(7). Let w = t - -16. List the prime factors of w.
2, 3
Let z(x) = -2*x**3 - 3*x**2. Let p be z(-2). Suppose k = p*k - 144. What are the prime factors of k?
2, 3
Suppose -5*c + 24 = -91. List the prime factors of c.
23
Suppose 0 = -2*v + t + 69 + 47, -4*v + 244 = 4*t. What are the prime factors of v?
59
Let y(o) = -o**3 + 15*o**2 + 27*o + 33. List the prime factors of y(15).
2, 3, 73
Let o(q) = 5*q**2 + 4 + 0*q**3 + 3*q - 5 + q**3. Let r(a) = a + 1. Let v be r(-5). What are the prime factors of o(v)?
3
Suppose -t - 7 = -3*j, 3*t - t + 2*j - 10 = 0. Let g be (t/4)/(6/36). Let c(u) = u**2 - 3*u + 2. What are the prime factors of c(g)?
2
List the prime factors of ((-122)/(-12))/((-10)/(-60)).
61
Let g(i) = 6*i**2 + 6*i + 21. Let u(y) = -y**2 - y. Let r(w) = g(w) + 5*u(w). What are the prime factors of r(0)?
3, 7
Let g(b) = 2*b**2 + 9*b - 5. Let v be g(-7). Suppose -4*j = 2 + 10, 2*w - 4*j = v. What are the prime factors of w?
3
Suppose f - 2*f = -144. Suppose -u = 4*j - 38, 3*j + f = -u + 6*u. List the prime factors of (-2)/(-3)*u/4.
5
Let b be 1 - 1/(1/5). Let g(a) be the first derivative of -a**4/4 - a**3 + 2*a**2 + 2*a + 2. What are the prime factors of g(b)?
2
Suppose -k - k + 26 = 5*c, -3*k + 6 = 2*c. List the prime factors of (11 + -1)/(c/3).
5
Suppose -5*i - 29 = -2*x, -4*x - 2*i + 3*i + 67 = 0. Suppose -75 = -4*h + x. What are the prime factors of h?
23
Let h(m) = -m + 7. Let t(d) = d**2 + 6*d + 4. Let l be t(-6). List the prime factors of h(l).
3
Suppose 84 = 64*y - 62*y. List the prime factors of y.
2, 3, 7
Let d(r) = -r - 1. Let n be d(-6). Suppose -2*f = -3*z + 4, 2*f + n = 3*z + f. Suppose 34 - 4 = z*l. List the prime factors of l.
3, 5
Let y(c) = -48*c + 1. Let v be y(-1). Suppose -3*t = -v - 14. What are the prime factors of t?
3, 7
Suppose -4*y - 7 = -2*y - 3*q, -4*q + 40 = 5*y. Suppose 4*n = -n - 2*x + 106, y*n = -2*x + 86. List the prime factors of n.
2, 5
Suppose 4 = 3*c + c. List the prime factors of (-4 - -3)*c + 11.
2, 5
List the prime factors of 8928/40 - -2*(-2)/20.
223
Let h = 11 + -4. Suppose -b = -h + 1. List the prime factors of b.
2, 3
Let m = 4 + -1. Let i be (-156)/(-3) - (m + -1). Suppose 3*d - 2*f - 35 = 0, 0 = 4*d + 2*f - 3*f - i. What are the prime factors of d?
13
Let o = -112 - -159. What are the prime factors of o?
47
Suppose 0 = 4*j + 20, -u = -6*u - 3*j - 5. Suppose -2*y = -4*y + 50. List the prime factors of ((-20)/(-25))/(u/y).
2, 5
Let b = -56 - -126. Suppose 0 = z - 3*z + b. What are the prime factors of z?
5, 7
Let i = -17 + 24. Suppose 95 = -2*b + i*b. Suppose 4 = -5*w + b. List the prime factors of w.
3
Suppose -g - 13 = -2*m - 0*g, 2*m - 15 = 3*g. List the prime factors of m.
2, 3
Suppose -2*m + 5*u = -7, 7*u + 4 = -m + 2*u. Let s(w) be the second derivative of 23*w**3/6 + 17*w. What are the prime factors of s(m)?
23
Let d(r) = r**2 + 5*r + 4. Let t be d(-4). Suppose 4*x - 12 = -t. List the prime factors of x.
3
Suppose -3*h + 44 = -5*h. Let t = -13 - h. What are the prime factors of t?
3
Suppose -6 = 4*g - 18. Let r(w) = -2*w + 3. Let d be r(4). What are the prime factors of d/(-1) + g*1?
2
Let z(g) = g**3 + 8*g**2 + 6*g + 3. Let r be z(-7). Let i(m) = -m**2 + 12*m - 13. Let k be i(r). Let q = k + 3. List the prime factors of q.
2, 5
Let v = 5 + 3. Suppose -v = -l - 0*l. Suppose 2*x + 4*k = 4*x + l, -2*k + 8 = 0. What are the prime factors of x?
2
Let o(b) be the third derivative of -b**4/24 + 7*b**3/6 + b**2. Let l = 7 + -2. What are the prime factors of o(l)?
2
Suppose -15 - 3 = -3*k. List the prime factors of k.
2, 3
Let g be (1*5)/((-3)/(-6)). Suppose -5*q = -2 - 23, -2*y - 4*q + 18 = 0. Let z = g + y. What are the prime factors of z?
3
Let y(k) = k - 5. Let o be y(7). Let x(j) = 4*j - 1. List the prime factors of x(o).
7
Let q(x) = -3*x + 39. List the prime factors of q(-14).
3
Let v = 12 + -7. Let j = v - 0. List the prime factors of j.
5
Let d(q) = 101*q**2 + q + 1. What are the prime factors of d(1)?
103
What are the prime factors of (-490)/(-4) + ((-9)/6)/3?
2, 61
Suppose -3*u = 5*s - 43, 0*s = 4*u - 2*s - 66. What are the prime factors of u?
2
Suppose 0 = 3*z + 9, -j = -6*j - z + 17. Suppose -4*m = -j*o + m + 23, -3*m = -4*o + 17. Suppose 0 = -o*h + 8 + 10. List the prime factors of h.
3
Let r(y) = 3*y**2 - 21*y + 30. What are the prime factors of r(9)?
2, 3, 7
Suppose 0 = -3*o - 3*j + 927, -2*o + 5*j + 480 = -173. What are the prime factors of o?
2, 157
Let k be 3 + 4/((-4)/2). Let a = k + 2. Suppose a*w + c = -w + 42, -2*c - 59 = -5*w. What are the prime factors of w?
11
Suppose 4*l = -2*x + 390, 3*x = 3*l - 51 - 237. What are the prime factors of l?
97
Let a = 0 + 2. Suppose 6 = -0*l + a*l. List the prime factors of l.
3
Let g(f) = f**2 - 5. Let z(v) = -v**3 - 7*v**2 - 5*v + 2. Suppose 0 = -6*x + 2*x - 24. Let p be z(x). What are the prime factors of g(p)?
11
Suppose -4*q = 2*s - 316, 3*q + 0*s - s - 227 = 0. What are the prime factors of q?
7, 11
Let s(i) = 2*i**2 + 5*i - 4. Suppose 0 = 5*f - 0*f - 15. Suppose f*d + 8 = d. List the prime factors of s(d).
2
Let h = 1 + 37. Let y(i) = i**3 - 6*i**2 - 6*i - 2. Let z be y(7). Suppose -h = -4*n - z*b, -n - n + 3*b = -8. What are the prime factors of n?
7
Suppose -13 = -3*m + 59. List the prime factors of (3/4)/1*m.
2, 3
Suppose -4*c + 13 = -39. Suppose c = 3*h + n, -h + 14 = -2*h - 4*n. What are the prime factors of h?
2, 3
Let r(g) = -61*g + 12. List the prime factors of r(-5).
317
Let c be 2/(-6) - (-28)/12. Suppose -c*v + f + 21 = 0, -f = 3*v + 2*v - 49. What are the prime factors of v?
2, 5
Suppose 0 = x + x + 70. Let o be ((-4)/14)/(5/x). Suppose -o*a = 5*l - 21, -4*l = 3*a - 0*a - 49. List the prime factors of a.
23
Suppose 2*d + 0*d - 6 = 0. Let z = d - -18. List the prime factors of z.
3, 7
Suppose -m - 7 - 5 = 0. List the prime factors of 3 - 11/(11/m).
3, 5
Let h be (4 + -1 - 4) + 3. Suppose -t = -2*c - 0*t + 11, 2*t = -10. What are the prime factors of -1 + h - (-3)/c?
2
Let w(y) = 3*y**2 - 9*y - 23. List the prime factors of w(10).
11, 17
What are the prime factors of (-5 - 49)*(-3)/6?
3
Let s = 8 + 5. Suppose 0 = -4*n + 3 + s. List the prime factors of n.
2
Suppose b = -2*b + 36. List the prime factors of b.
2, 3
Let p = 0 - 0. Suppose p = 4*t - 20 - 36. What are the prime factors of t?
2, 7
What are the prime factors of ((-248)/(-10))/(4/10)?
2, 31
Let g be -2*(77/(-2) + 0). Suppose -3*a + 3*m + 102 = 0, 3*a - g = -m + 21. What are the prime factors of a?
3, 11
Let i(m) = -m**3 - 6*m**2 + 7*m. Suppose -10 - 18 = 4*r. Let y be i(r). Suppose -12 = -q - y. List the prime factors of q.
2, 3
Suppose 0 = 4*l - 5*u - 93 - 29, -3*l - 2*u + 103 = 0. Suppose 2*z + l = i, -4*i + 91 = -i - 4*z. What are the prime factors of i?
5
Let b = -6 + 9. Suppose -2*a - 5*y + b = -5*a, -4*y = 5*a - 32. Suppose 2*h - 2 = h, 3*k = -a*h + 17. List the prime factors of k.
3
Suppose 3*c - 8*c - 42 = 4*v, 5*c + 52 = v. Let g = 22 + c. List the prime factors of g.
2, 3
Suppose 0 = -3*x + 7*d - 3*d + 115, x - 30 = 3*d. What are the prime factors of ((-10)/(-3))/(10/x)?
3, 5
Let l(i) = i. Let k be l(6). Let w(g) = -g. Let n be w(k). List the prime factors of (15/(-1))/(-7 - n).
3, 5
Suppose -2*m - 128 = 3*d - 5*d, 2*d - 133 = 3*m. List the prime factors of d.
59
Suppose 0 = 2*q - 3*q - 2, -4*g - 3*q = -14. List the prime factors of g.
5
Suppose 5*j = -2*q + 51, -3*q + 24 = j - 85. What are the prime factors of q?
2, 19
Let s(p) be the second derivative of 7*p**6/720 - p**5/40 - p**4/12 + 2*p. Let z(w) be the third derivative of s(w). What are the prime factors of z(2)?
11
What are the prime factors of 382/4 + -2 + 8/16?
2, 47
Let o(x) = 2*x**3 - 2*x**2 + 1. Let t be o(2). What are the prime factors of 6/t - (-38)/6?
7
Let t be -7*(-3)/((-3)/2). Suppose -13 + 57 = 2*m. Let l = t + 